 the hundred thousands digit of 352644?
3
What is the units digit of 15511849?
9
What is the hundreds digit of 1897545?
5
What is the hundred thousands digit of 1192116?
1
What is the hundreds digit of 633879?
8
What is the ten thousands digit of 1192541?
9
What is the units digit of 2694?
4
What is the ten thousands digit of 6146682?
4
What is the tens digit of 191895?
9
What is the ten thousands digit of 200955?
0
What is the ten thousands digit of 213975?
1
What is the hundred thousands digit of 201435?
2
What is the units digit of 2055487?
7
What is the ten thousands digit of 2732812?
3
What is the hundred thousands digit of 341571?
3
What is the thousands digit of 909365?
9
What is the thousands digit of 268926?
8
What is the units digit of 3377020?
0
What is the hundreds digit of 22274157?
1
What is the ten thousands digit of 7474368?
7
What is the units digit of 261846?
6
What is the ten thousands digit of 327387?
2
What is the hundred thousands digit of 5290429?
2
What is the thousands digit of 332532?
2
What is the millions digit of 41087185?
1
What is the tens digit of 5475460?
6
What is the thousands digit of 2159575?
9
What is the tens digit of 377244?
4
What is the thousands digit of 1561822?
1
What is the hundreds digit of 283905?
9
What is the hundreds digit of 92244?
2
What is the tens digit of 10648133?
3
What is the thousands digit of 643924?
3
What is the hundred thousands digit of 2335513?
3
What is the thousands digit of 3427101?
7
What is the hundred thousands digit of 317439?
3
What is the tens digit of 4095984?
8
What is the millions digit of 16012107?
6
What is the hundreds digit of 312727?
7
What is the ten thousands digit of 926616?
2
What is the ten thousands digit of 332349?
3
What is the hundred thousands digit of 155392?
1
What is the hundred thousands digit of 364097?
3
What is the hundred thousands digit of 3012524?
0
What is the millions digit of 1560615?
1
What is the millions digit of 15310976?
5
What is the units digit of 13672338?
8
What is the hundreds digit of 7399324?
3
What is the units digit of 1480517?
7
What is the hundreds digit of 284894?
8
What is the hundred thousands digit of 206681?
2
What is the ten thousands digit of 21429764?
2
What is the units digit of 758688?
8
What is the thousands digit of 60620?
0
What is the hundreds digit of 9440?
4
What is the units digit of 146676?
6
What is the hundred thousands digit of 10665082?
6
What is the hundreds digit of 292588?
5
What is the hundred thousands digit of 968091?
9
What is the hundreds digit of 4683857?
8
What is the ten thousands digit of 351773?
5
What is the hundred thousands digit of 4736624?
7
What is the units digit of 229352?
2
What is the ten thousands digit of 604075?
0
What is the hundreds digit of 5024?
0
What is the tens digit of 21621692?
9
What is the hundred thousands digit of 304054?
3
What is the hundred thousands digit of 718185?
7
What is the hundred thousands digit of 501838?
5
What is the hundred thousands digit of 363371?
3
What is the hundreds digit of 8875?
8
What is the ten thousands digit of 6398573?
9
What is the hundreds digit of 306893?
8
What is the hundred thousands digit of 550998?
5
What is the ten thousands digit of 36740033?
4
What is the ten thousands digit of 204427?
0
What is the units digit of 883893?
3
What is the hundred thousands digit of 443497?
4
What is the units digit of 545458?
8
What is the units digit of 279995?
5
What is the hundred thousands digit of 106357?
1
What is the ten thousands digit of 43628?
4
What is the ten thousands digit of 12541485?
4
What is the hundred thousands digit of 105772?
1
What is the hundreds digit of 4723647?
6
What is the ten thousands digit of 3321109?
2
What is the millions digit of 3890534?
3
What is the hundreds digit of 51281?
2
What is the tens digit of 162528?
2
What is the ten thousands digit of 3630636?
3
What is the ten thousands digit of 2987713?
8
What is the units digit of 450652?
2
What is the ten thousands digit of 985650?
8
What is the units digit of 1885?
5
What is the thousands digit of 498519?
8
What is the hundred thousands digit of 955853?
9
What is the tens digit of 6633883?
8
What is the units digit of 959880?
0
What is the hundreds digit of 22458103?
1
What is the millions digit of 2644734?
2
What is the units digit of 567542?
2
What is the hundreds digit of 1205357?
3
What is the tens digit of 21036953?
5
What is the thousands digit of 601832?
1
What is the thousands digit of 233271?
3
What is the ten thousands digit of 168325?
6
What is the millions digit of 1096252?
1
What is the thousands digit of 25833792?
3
What is the units digit of 3288265?
5
What is the units digit of 1553490?
0
What is the ten thousands digit of 277232?
7
What is the ten thousands digit of 230314?
3
What is the millions digit of 18332260?
8
What is the hundred thousands digit of 1061065?
0
What is the hundred thousands digit of 1551005?
5
What is the hundreds digit of 11463980?
9
What is the thousands digit of 64613?
4
What is the units digit of 6791314?
4
What is the thousands digit of 3360370?
0
What is the ten thousands digit of 50739?
5
What is the ten thousands digit of 329260?
2
What is the millions digit of 1043216?
1
What is the units digit of 344534?
4
What is the units digit of 5309?
9
What is the units digit of 10682699?
9
What is the tens digit of 12990122?
2
What is the units digit of 143688?
8
What is the hundred thousands digit of 515688?
5
What is the hundreds digit of 156864?
8
What is the ten thousands digit of 1913197?
1
What is the hundreds digit of 194972?
9
What is the hundred thousands digit of 7831542?
8
What is the hundreds digit of 1613737?
7
What is the hundred thousands digit of 1091888?
0
What is the units digit of 17730012?
2
What is the hundreds digit of 1940148?
1
What is the tens digit of 150099?
9
What is the tens digit of 5901438?
3
What is the hundreds digit of 1071768?
7
What is the units digit of 57997?
7
What is the ten thousands digit of 5074043?
7
What is the thousands digit of 319606?
9
What is the hundreds digit of 126063?
0
What is the units digit of 704871?
1
What is the units digit of 133251?
1
What is the thousands digit of 2654369?
4
What is the tens digit of 358615?
1
What is the units digit of 753586?
6
What is the ten millions digit of 12523136?
1
What is the ten thousands digit of 9134009?
3
What is the tens digit of 1995115?
1
What is the tens digit of 507370?
7
What is the thousands digit of 2965885?
5
What is the hundreds digit of 7777093?
0
What is the thousands digit of 256651?
6
What is the millions digit of 9213355?
9
What is the thousands digit of 1258451?
8
What is the thousands digit of 91916?
1
What is the tens digit of 2927258?
5
What is the ten millions digit of 18323286?
1
What is the tens digit of 534509?
0
What is the hundreds digit of 161386?
3
What is the thousands digit of 254599?
4
What is the hundreds digit of 3407907?
9
What is the hundred thousands digit of 203940?
2
What is the millions digit of 9799326?
9
What is the ten thousands digit of 4765792?
6
What is the ten thousands digit of 13071749?
7
What is the ten thousands digit of 80215?
8
What is the hundreds digit of 1260455?
4
What is the thousands digit of 654392?
4
What is the thousands digit of 257323?
7
What is the hundreds digit of 376420?
4
What is the ten thousands digit of 1268763?
6
What is the units digit of 5409274?
4
What is the units digit of 10438271?
1
What is the hundreds digit of 6868?
8
What is the hundreds digit of 282664?
6
What is the ten thousands digit of 2373473?
7
What is the units digit of 8544497?
7
What is the hundred thousands digit of 27107352?
1
What is the units digit of 728452?
2
What is the hundred thousands digit of 2703450?
7
What is the thousands digit of 210720?
0
What is the tens digit of 435656?
5
What is the hundred thousands digit of 214829?
2
What is the ten thousands digit of 117749?
1
What is the hundreds digit of 16011801?
8
What is the ten thousands digit of 1548428?
4
What is the thousands digit of 39877?
9
What is the hundred thousands digit of 18019057?
0
What is the hundreds digit of 364850?
8
What is the thousands digit of 437418?
7
What is the thousands digit of 71862?
1
What is